hat is the units digit of 63/(-6)*s/b?
7
What is the tens digit of 2/13 - 770/(-65)?
1
Let b(f) = 20*f**2 - 6*f + 4. What is the tens digit of b(-3)?
0
Let a = 10 + -4. What is the tens digit of (99/a)/(-3)*-2?
1
Suppose -3*z = -8*z - 30. Let h be (27/z)/((-3)/(-6)). Let o = 18 + h. What is the units digit of o?
9
Let n = 80 + -77. Let u(f) = f**2 - 5*f - 1. Let k be u(6). Suppose -n*c - k*z + 4*z + 28 = 0, -5*z = 4*c - 52. What is the units digit of c?
8
Let q be (0 + 1)/(4/8). Suppose q*o - 4*r = 2, 0 = -0*r + 3*r. What is the units digit of o?
1
Let g be 4/3*(-30)/(-20). Suppose 3*x - 15 = g*x. What is the tens digit of x?
1
What is the units digit of (2/5 - 0) + (-5889)/(-65)?
1
Let s = -1 - -5. Suppose 4*d = 4*i + s, 3*d - 3 = -d + 3*i. Let b(r) = r**3 + 1. What is the units digit of b(d)?
1
Suppose 4*c - 4 = 0, 3*f + 13 = 4*f + c. What is the units digit of f?
2
What is the units digit of 68 - 0/(5/(10/6))?
8
Let j(x) = 2*x + 2. What is the units digit of j(8)?
8
Let n(d) = d + 1 - 3*d**2 + 0*d**2 + 4*d**2 + 2*d. Let a be n(-2). What is the units digit of (-3)/(a - 0) - -3?
6
Suppose -4*r + 3*r + 2*q + 10 = 0, -3*r - 2*q - 10 = 0. Suppose r = o - 8 + 1. What is the units digit of o + -2 + (-1 - -1)?
5
Suppose 4*g - 3*b = -5*b + 2, -4*b - 5 = 5*g. Suppose 4*s = j + g*j - 16, -3*j = 3*s + 12. What is the units digit of j - -8*(2 + -1)?
8
Suppose 4*h + h - 5*n - 40 = 0, 2*n + 6 = 0. Suppose 2*x = h*x + 30. Let i = -6 - x. What is the units digit of i?
4
What is the units digit of 66 - 0*2/4?
6
Let k = 1 - -3. Suppose 3*l = l + 5*a - 4, l = -k*a + 11. Suppose -4*t - l = -39. What is the units digit of t?
9
Let f(l) = -7*l + 2. Let z be f(-6). Suppose 4*d - 3*r = 55, 5*d = 2*r + z + 16. What is the tens digit of d?
1
Suppose 3*v = -4*j + 6, 3*v = -0*j - 5*j + 6. What is the units digit of 0 - -24 - (v + 1)?
1
Suppose -5*c - 1 + 11 = 0. What is the units digit of (c - 1)*(-9)/(-1)?
9
Let r(l) = 2*l - l - 7*l + 2*l**2 - 3*l**2 + 8. What is the units digit of r(-7)?
1
Let o(l) = 2*l**2 - 10*l + 17. What is the units digit of o(10)?
7
What is the units digit of ((-1)/2)/(2/4)*-442?
2
Let c(p) = 15*p + 20. What is the tens digit of c(5)?
9
Suppose -168*m - 436 = -172*m. What is the hundreds digit of m?
1
Let o = -57 - -84. Let x = 51 - o. What is the tens digit of x?
2
Let j be ((-24)/(-8))/(1/(-5)). Let m = -9 - j. What is the units digit of m?
6
Let q(w) = -3*w**3 - 2*w**2 + w. Let x be q(-2). Let u = x - 0. What is the units digit of 2/7 - (-52)/u?
4
Suppose 3*s - 3*b + 6*b - 762 = 0, -2*s - 3*b + 505 = 0. What is the hundreds digit of s?
2
What is the tens digit of 108/(-30)*30/(-1)?
0
Let v be (-2)/2*1 - -5. Suppose v*i + b = 89, -i - 2*b + 17 = -0*i. Let h = -16 + i. What is the units digit of h?
7
Let p = 9 + -3. Let i(j) = 4*j - 8. What is the tens digit of i(p)?
1
Suppose -3 + 188 = -5*r. Let y = -19 - r. What is the tens digit of y?
1
Let g = -4 + 37. What is the tens digit of g?
3
Let g(i) = -i + 21. Let p(m) = m + 4. Let a be p(0). Let h be 0*(a/(-2) - -3). What is the tens digit of g(h)?
2
Let n be (-8)/(-3)*27/12. Let v(i) = -i**3 + 5*i**2 + 8*i + 4. What is the units digit of v(n)?
6
Suppose 0*x = 3*x - a - 156, 0 = -4*x - 3*a + 208. What is the tens digit of x?
5
Let l(k) = k + 3*k + 4*k**2 - 1 - k**3 + 0*k**2 - 6*k. Let o be l(2). Suppose 5*f - o = -5*r + 12, 2*f - 4 = -r. What is the units digit of r?
2
Suppose 2*n + 14 = -0*n. Let c = 6 - n. What is the units digit of c?
3
Let a = -6 - -11. What is the units digit of a?
5
What is the units digit of 2/((-54)/(-51) - 1)?
4
Suppose 2*s + 82 = -48. Let t = -44 - s. What is the units digit of t?
1
What is the tens digit of (66/(-5))/((-3)/20)?
8
Suppose 5*g + 2*b = 66, -3*g - 3*b + 50 = -7*b. What is the units digit of (7/g)/((-1)/(-2))?
1
What is the tens digit of (-4)/(-30)*-3 - 2514/(-10)?
5
Suppose 3*s = -f - 0 + 1, 5*s - 30 = 4*f. Let o(m) be the first derivative of -m**4/4 - 4*m**3/3 + 2*m**2 - 4*m + 22. What is the units digit of o(f)?
1
Let p(s) = 3*s + 9. Let z be p(7). Let c = 43 - z. What is the tens digit of c?
1
Let j = 51 + 3. Suppose -2*b - 3*c + 4 = 0, -3*b + 2*c + c - 9 = 0. What is the units digit of b/2 - j/(-4)?
3
Suppose 4*b = -b - 30. What is the tens digit of -2 + 24 + (-4 - b)?
2
What is the tens digit of (-28)/70 + 344/10?
3
Let z(q) = q**3 - 5*q**2 + 4*q - 3. Let r be z(4). Let i = r - 7. Let j = 19 + i. What is the units digit of j?
9
Suppose 2*m + 3*m - 3*n - 793 = 0, -4*n = -2*m + 320. What is the hundreds digit of m?
1
Suppose 0 = -6*d + 3*d - 3*o - 6, -4*o - 10 = 3*d. Let v(f) = 2 - f + 3 - f**d - 2. What is the units digit of v(0)?
3
Let f(y) = -y**3 - 12*y**2 - 12*y + 9. Let i be -1 - 1/(1/10). What is the tens digit of f(i)?
2
Suppose 3*a - 43 = n - 107, 0 = 4*n - 5*a - 263. What is the tens digit of n?
6
Let r(b) be the second derivative of -b**4/24 + b**3/3 - b**2 + 4*b. Let m(c) be the first derivative of r(c). What is the units digit of m(-5)?
7
Suppose 7*q - 4*q - 12 = 0. Suppose 4*g + 3*k - 20 = -k, 3*k + 48 = q*g. What is the units digit of g?
9
Let j(b) = 3*b. Let r be j(13). Let g = r + -9. What is the units digit of g?
0
Let a(m) = -3*m - 9. Let g be a(-4). Suppose 49 = g*r - 5. What is the units digit of r?
8
Let g = -6 + 11. Suppose -3*k - 4*j + 53 = 0, -3*k = -k - g*j - 20. What is the tens digit of k?
1
Suppose 7 = 3*u + 2*w - 6*w, 11 = -u - 2*w. Let x(z) = -z**3 - 3*z**2 + 2*z. Let s be x(u). What is the units digit of (16/s)/(3/(-9))?
8
Let m(z) = z - 2. Suppose -x + 9 = 2*x. Let c be m(x). What is the units digit of c/2*(14 - 2)?
6
Let b = 12 - -45. Suppose 4*v - 52 = -6*h + 2*h, -b = -3*h + 3*v. Suppose -l = -4 - h. What is the units digit of l?
0
Let y be (9/(-6))/(3/(-2)). What is the units digit of -1*y/(-2)*2?
1
Let a be ((-20)/(-7))/((-2)/(-7)). Let x = a - -8. What is the units digit of x?
8
Suppose 405 = 10*g - 5*g. What is the units digit of g?
1
Let s = -38 + 92. What is the tens digit of s?
5
Suppose 0 = -4*m + 4*b - 32, -2*b + 0*b + 9 = -m. Let n(z) = -7*z - 13. What is the units digit of n(m)?
6
Let l = 7 - 11. Let g(k) = 3 + 2*k - k**2 - 11*k - 5. What is the tens digit of g(l)?
1
Let d = -8 + 22. What is the units digit of (36/d)/((-2)/(-14))?
8
Suppose -5*w = -3*w - 8, 147 = 5*j + 3*w. What is the tens digit of j?
2
Suppose 0 = 2*n + 5*a - 63, 3*n - 47 = 3*a + 37. What is the units digit of n?
9
Let z = 0 - 0. Suppose z = -s - 4 + 5. What is the units digit of s?
1
Suppose 0*m + 9 = 3*m. Let h = m + -1. What is the units digit of (-2)/(-4)*0 + h?
2
Let d(y) = -y**2 - y + 2. Let z be d(2). What is the units digit of (-3)/((-6)/(-4))*z?
8
Let j = -2 + 5. Suppose -2*t + 0*t - j*l = -29, 0 = -3*t + 5*l + 15. Let h = 16 - t. What is the units digit of h?
6
Let o(w) = w + 8. Let x be o(-6). What is the units digit of -2 - ((-6)/x - 5)?
6
Let y(o) = 3*o - 4. Let q(j) = -3*j**3 - 3*j**2 + 1. Let m be q(-2). Let s = -9 + m. What is the units digit of y(s)?
8
Suppose 2*h = 4*h - 20. Let i be 6/(-15) - (-34)/h. Suppose -i*w = r - 29, -2*w - 2*r = -3*r - 16. What is the units digit of w?
9
Let w = 5 + -3. Suppose d = 5*o + 30, 3*d - w*d + 10 = -3*o. What is the units digit of o/25 + (-26)/(-5)?
5
Suppose -3*j + 11 = 2. Suppose 0 = -6*h + 3*h + j. What is the units digit of h?
1
Let m = -1 - -1. Let g = 18 - m. What is the tens digit of g?
1
Let q(z) = -3*z + 2. Let s(v) = 4*v - 2. Let t(i) = 3*q(i) + 2*s(i). Let k be t(0). Suppose 5 = k*g + 1. What is the units digit of g?
2
Suppose 110 = 3*r - 52. What is the units digit of r?
4
Let c = 121 - -42. What is the tens digit of c?
6
Suppose -2*l = -104 - 90. What is the units digit of l?
7
Suppose -5*u + 289 = t + 35, 2*u - 108 = -2*t. What is the tens digit of u?
5
Let s = 22 - 27. Let m(n) = 9*n - 1. Let o(a) = 4*a - 1. Let q(z) = 2*m(z) - 5*o(z). What is the units digit of q(s)?
3
Let k be (6/9)/(6/81). What is the units digit of ((-6)/k)/(1/(-3))?
2
Suppose -2*d = -6*d + 96. What is the units digit of d?
4
Let h = -36 - -110. What is the tens digit of h?
7
Let s = -8 + 14. Suppose 4*v + s = 2*g, -v = 4*v - 15. What is the units digit of g?
9
Let o(z) = -3*z - 3 + 1 + 4*z + 0*z. What is the units digit of o(5)?
3
Suppose z = -u - 7, 0 - 1 = 3*z - u. What is the units digit of